etermine x(9).
-24
Let t(p) = 13*p**3 - 1639*p**2 + 101*p + 3144. What is t(126)?
-6
Let u(m) = 4*m**2 + 2414*m + 345025. Calculate u(-371).
-5
Let u(h) = 33*h**3 - 192*h**2 + h - 3. What is u(6)?
219
Let m(n) = 20*n**2 - 468*n + 875. Give m(2).
19
Let w(i) = -i**3 - 66*i**2 - 302*i + 259. What is w(-6)?
-89
Let s(c) = -c**3 + 126*c**2 + 100*c + 4164. Give s(127).
735
Let n(c) = -721*c + 36071. Give n(50).
21
Let c(g) = g**3 - 61*g**2 - 221*g + 1898. Give c(64).
42
Let l(n) = 131*n**3 - 6*n**2 + 156*n + 162. What is l(-1)?
-131
Let u(a) = -a**3 - 23*a**2 - 44*a + 143. Determine u(-22).
627
Let l(n) = -12223*n - 1234510. Determine l(-101).
13
Let w(u) = -1584913*u - 6339645. What is w(-4)?
7
Let y(s) = 5*s**3 + 55*s**2 - 32*s - 818. Calculate y(-10).
2
Let a(f) = 1555*f + 79016. Give a(-51).
-289
Let z(d) = 432186*d - 3025344. Give z(7).
-42
Let h(j) = 12688*j + 114322. Calculate h(-9).
130
Let r(m) = -5*m**3 + 30*m**2 + 73*m - 13. Calculate r(11).
-2235
Let p(u) = 198*u - 2200. Calculate p(12).
176
Let y(d) = 17*d**3 - 432*d**2 + 156*d + 19. Determine y(25).
-456
Let g(n) = -456*n - 84269. What is g(-185)?
91
Let b(z) = -z**2 + 573*z - 3392. Determine b(6).
10
Let p(q) = 3*q**3 + 617*q**2 - 846*q - 3731. Determine p(-207).
-5
Let r(d) = -d**3 - 3*d**2 - 20*d + 243. Calculate r(8).
-621
Let g(t) = 4*t**2 + 16*t + 52. Determine g(-7).
136
Let r(p) = -p**2 + 1776*p + 46855. Determine r(-26).
3
Let i(j) = 54716*j - 3009404. Give i(55).
-24
Let a(f) = f**3 - 651*f**2 + 23873*f - 199. Give a(39).
-4
Let h(x) = -538*x + 69883. Determine h(130).
-57
Let t(p) = -151*p**2 - 927*p - 1224. Determine t(-2).
26
Let t(q) = q**3 - 117*q**2 - 2377*q + 299812. What is t(115)?
7
Let b(t) = -262*t**2 - 46379*t - 860. Calculate b(-177).
25
Let x(f) = 46198*f - 5589958. What is x(121)?
0
Let r(t) = -4790*t - 62568. Determine r(-13).
-298
Let f(q) = -3321*q**2 + 23210*q + 260. Determine f(7).
1
Let f(o) = o**2 - 1356*o - 61052. Give f(-44).
548
Let s(a) = 4*a**2 + 76*a + 383. Calculate s(-9).
23
Let y(u) = -3*u**2 + 1250*u - 68245. What is y(352)?
43
Let i(q) = 135*q**2 - 2783*q - 16. Determine i(20).
-1676
Let p(x) = -218615*x - 218427. Determine p(-1).
188
Let z(r) = -48*r**2 + 380*r - 378. Calculate z(1).
-46
Let b(a) = -a**2 + 4463*a - 185689. Calculate b(42).
-7
Let c(r) = -13*r**2 + 837*r - 2557. What is c(62)?
-635
Let j(o) = 12*o**2 - 88*o - 211. Give j(17).
1761
Let h(v) = 267*v + 11895. Determine h(-31).
3618
Let w(u) = u**2 - 5602*u + 83537. What is w(15)?
-268
Let v(g) = 86938*g + 173880. Determine v(-2).
4
Let f(p) = -1368*p - 225602. Calculate f(-165).
118
Let s(a) = 7*a**2 - 12443*a - 12441. Give s(-1).
9
Let d(p) = -22*p**2 - 9328*p - 46052. Give d(-5).
38
Let n(h) = -h**3 + 188*h**2 - 6626*h - 143. Give n(141).
-2
Let u(h) = 23*h**2 + 3259*h - 823. Give u(-142).
171
Let z(a) = a**2 - 970*a + 227827. Give z(397).
346
Let q(x) = -8840*x + 548076. What is q(62)?
-4
Let x(p) = -260*p**2 - 30684*p - 464. Calculate x(-118).
8
Let v(z) = 59*z**2 - 6231*z - 8748. Give v(107).
26
Let w(z) = -1615*z - 927173. Calculate w(-574).
-163
Let k(j) = -546*j**2 + 35506*j - 1056. Determine k(65).
-16
Let j(a) = a**2 - 1781*a + 354092. Give j(228).
8
Let p(y) = 2227*y + 131423. Give p(-59).
30
Let x(c) = c**3 - 85*c**2 - 1861*c - 178. Calculate x(-18).
-52
Let f(x) = x**2 + 6222*x + 271852. Calculate f(-44).
20
Let z(u) = u**2 + 2323*u + 507280. Calculate z(-244).
4
Let u(a) = -2*a**2 - 475*a - 21912. Calculate u(-174).
186
Let q(w) = 472*w + 4031. Determine q(-7).
727
Let w(s) = 1185*s**2 + 24*s + 6. Determine w(0).
6
Let k(f) = -24636*f + 49253. Determine k(2).
-19
Let z(h) = h**2 - 583*h + 35711. Give z(69).
245
Let x(c) = -49254*c - 43983820. Determine x(-893).
2
Let k(n) = 29*n**2 + 29*n + 10. Determine k(4).
590
Let u(j) = -j**2 - 1113*j - 249926. Give u(-312).
-14
Let n(s) = -30*s**2 + 53*s + 204. Determine n(-4).
-488
Let h(l) = 5531*l - 177118. Determine h(32).
-126
Let n(z) = 3*z**2 + 1015*z + 16353. Give n(-17).
-35
Let f(s) = -14920*s - 43782. Calculate f(-3).
978
Let c(s) = 46*s**2 + 8361*s - 2019. Determine c(-182).
-17
Let l(r) = 20*r**2 + 149*r - 203. What is l(-9)?
76
Let x(a) = 3*a**2 + 1882*a + 9345. Determine x(-5).
10
Let t(w) = -861*w - 138549. Calculate t(-161).
72
Let f(l) = -14*l**3 - 2813*l**2 + 86*l - 23137. Calculate f(-201).
-22
Let i(a) = 10682*a - 32114. What is i(3)?
-68
Let p(z) = -86738*z + 2428595. Determine p(28).
-69
Let g(p) = -136*p - 3536. Determine g(-29).
408
Let c(j) = -52*j**3 - 2246*j**2 - 429*j + 28. Give c(-43).
-15
Let n(v) = -v**3 + 92*v**2 + 491*v - 636. What is n(97)?
-54
Let q(v) = -20410*v - 2857390. Determine q(-140).
10
Let x(l) = l**2 - 3375*l + 67009. Calculate x(20).
-91
Let v(l) = 1527*l**2 - 9032*l - 106. Determine v(6).
674
Let n(o) = -3601*o - 46816. What is n(-13)?
-3
Let b(s) = -4760*s - 38138. What is b(-8)?
-58
Let j(y) = -407*y + 46368. Calculate j(114).
-30
Let t(g) = g**3 - 138*g**2 + 979*g - 8107. Calculate t(131).
15
Let z(k) = k**3 + 101*k**2 + 478*k + 2128. Give z(-96).
2320
Let j(l) = -644*l**2 + 1620*l - 4816. What is j(3)?
-5752
Let v(h) = -58*h**2 - 12349*h - 23429. Give v(-211).
-8
Let c(v) = 52206*v - 52149. Determine c(1).
57
Let t(b) = 3*b**3 + 545*b**2 + 399*b + 6697. Calculate t(-181).
0
Let n(t) = -3*t**2 - 933*t + 597177. Determine n(-628).
-51
Let o(u) = 648*u + 364170. Give o(-562).
-6
Let r(k) = -k**3 - 4*k**2 + 562*k - 3403. Determine r(7).
-8
Let b(y) = 1014*y - 34148. Give b(33).
-686
Let w(r) = 3*r**2 + 118*r - 21444. Determine w(67).
-71
Let l(h) = -7971*h + 199277. Calculate l(25).
2
Let w(g) = -11*g**2 + 263*g + 28. What is w(24)?
4
Let g(v) = -399*v + 29505. What is g(77)?
-1218
Let f(d) = -699*d + 1908. Give f(3).
-189
Let u(y) = -2*y**2 - 257*y - 4521. Give u(-20).
-181
Let g(z) = -z**3 + 12*z**2 + 142*z - 1565. What is g(10)?
55
Let r(l) = 28616*l + 200130. Determine r(-7).
-182
Let s(v) = 580*v + 45290. Determine s(-78).
50
Let i(t) = -11*t**3 + t**2 - 303*t + 931. What is i(3)?
-266
Let m(c) = 305*c**2 - 3745*c + 965. Determine m(12).
-55
Let m(b) = b**3 + 12*b**2 + 450*b + 4240. Give m(-10).
-60
Let y(r) = 60*r**2 - 115*r + 199. What is y(3)?
394
Let t(x) = -4089*x - 2154921. What is t(-527)?
-18
Let a(u) = -2*u**3 + 160*u**2 + 1800*u + 296. What is a(90)?
296
Let d(u) = -4*u**3 + 2678*u**2 - 1305*u - 22011. What is d(669)?
66
Let i(k) = 330*k**3 - k**2 + 7969*k + 7969. What is i(-1)?
-331
Let c(v) = -631*v + 55652. What is c(88)?
124
Let w(t) = -t**3 - 9*t**2 - 1372*t - 15349. Determine w(-11).
-15
Let v(w) = 2001*w + 3083. Determine v(-3).
-2920
Let h(c) = c**3 + 11*c**2 + 777*c + 767. Determine h(-1).
0
Let u(y) = -10*y**3 - 2121*y**2 + 8431*y + 1523. Give u(-216).
11
Let u(m) = -13*m**3 - 24*m**2 - 620*m + 1336. Calculate u(2).
-104
Let s(j) = -2720*j + 24085. Determine s(11).
-5835
Let i(d) = d**3 - 54*d**2 + 3969*d - 214415. What is i(54)?
-89
Let l(h) = -h**3 - 1563*h**2 + 49397*h + 545. Calculate l(31).
18
Let b(k) = -8898*k - 382600. What is b(-43)?
14
Let a(h) = -19*h**2 + 13*h + 51. What is a(2)?
1
Let r(p) = 495*p + 27624. Calculate r(-55).
399
Let x(l) = l**3 + 42*l**2 + 218*l - 952. Determine x(-35).
-7
Let p(y) = -901*y - 15. Calculate p(0).
-15
Let d(z) = 45*z**3 - 19*z**2 + 172*z + 608. Calculate d(-3).
-1294
Let l(t) = 7*t**2 - 1071*t + 7984. Determine l(145).
-136
Let j(m) = -8*m**2 + 465*m + 6654. What is j(70)?
4
Let g(y) = -7*y**3 + 54*y**2 - 96*y + 3. Determine g(5).
-2
Let m(k) = -k**3 + 6*k**2 - 34*k + 272. What is m(8)?
-128
Let m(y) = y**3 - 142*y**2 + 356*y - 11228. Determine m(140).
-588
Let g(o) = -671*o**2 - 6338*o - 6339. Determine g(-1).
-672
Let p(b) = -635*b - 2149. Determine p(-3).
-244
Let q(v) = v**3 - 65*v**2 - 600*v + 12315. Calculate q(71).
-39
Let l(d) = 12578*d - 603741. Calculate l(48).
3
Let y(h) = -12*h**2 - 44*h - 39. Give y(-11).
-1007
Let y(o) = -o**3 + 30*o**2 - 203*o + 26. Give y(23).
-940
Let m(u) = u**2 - 3573*u + 699961. Determine m(208).
41
Let r(p) = 91*p + 2863. What is r(-38)?
-595
Let g(t) = t**3 - 16*t**2 + 23*t - 137. What is g(8)?
-465
Let h(r) = -8*r**2 + 2130*r - 15006. Give h(259).
16
Let f(k) = 3360*k + 73920. Give f(-22).
0
Let f(p) = p**2 + 681*p - 9014. Give f(13).
8
Let p(i) = -494223*i - 128498